y + 3. Let n be x(-6). Suppose 43 = 2*l - n. Suppose 5*p = -5*b + 50, -4*b = 3*p - 2*b - l. What is the greatest common divisor of p and 36?
12
Suppose t - 2*i = 24, 4*i + 6 = 6*i. Let c = -11 + 12. Let u(h) = 11*h**2 - 1. Let a be u(c). What is the highest common factor of a and t?
10
Suppose -3*q + 15 = -5*n + 2*n, 0 = -q + 5*n - 3. Let a(p) = 2*p**2 + 1. Let h be a(1). Suppose 112 = g + h*g. What is the highest common divisor of g and q?
7
Let u be (4 + -8)*2/(-4). Suppose -20 = -5*y, -3*j + 5*y + 174 = -u*j. Let m = j + -129. What is the greatest common divisor of 26 and m?
13
Let t = -89 - -131. Calculate the greatest common divisor of 6 and t.
6
Let g be (-1 - -3)*90/(-4). Let h = -24 - g. What is the highest common divisor of 7 and h?
7
Let g = -3 + 3. Suppose -5*u = 15, g = -4*o + 2*u - 0*u + 26. Suppose 3*p + 52 = o*b, b + 4*p - 9 = 6. What is the greatest common factor of 77 and b?
11
Let t(d) = -d**2 + 13*d - 4. Let c be t(8). Let u(g) = g**3 + 5*g**2 + g. Let a be u(-4). Calculate the greatest common factor of a and c.
12
Suppose 0 = -2*f + 3*f. Let l be (f - 1)/(-1 - 0). Let k = 4 + -2. What is the greatest common divisor of l and k?
1
Suppose y + 0 = 21. What is the highest common factor of y and 147?
21
Let s = -2 + 24. What is the highest common divisor of s and 33?
11
Let x be (2/6 + 1)*15. Let c be (4/6)/((-4)/(-1356)). Suppose 3*y + 345 = -2*l + 1001, 3*l = y - c. Calculate the highest common divisor of x and y.
20
Suppose -2*y = -4*a + 96, -y = 2*a + 29 + 19. Let v = -18 - y. Suppose 0 = -2*t + 5 + 25. What is the highest common divisor of t and v?
15
Let s be 29/4 + 2*(-3)/24. Let o(q) = q**3 + q - 1. Let g be o(1). What is the greatest common factor of s and g?
1
Suppose -2*g = 3*w - 2*w - 12, -5*w - 4*g = -36. Calculate the greatest common divisor of 96 and w.
4
Let b(i) = i**3 + 4*i**2 - 2*i + 1. Let a be b(-4). Let w = a + -8. Let x be -1 + 0 + 2*5. Calculate the highest common divisor of w and x.
1
Let f be (1 - 1)/(1*-3). Suppose -5*d = -f*d. Let g be (12 - (d + 0))*1. What is the highest common factor of 12 and g?
12
Let g(q) = -11*q**3 + q**2 + 2*q + 1. Let j = 22 - 13. Let o be (-2 + j/6)*2. Let t be g(o). Calculate the greatest common divisor of 11 and t.
11
Suppose y = -98 + 100. What is the greatest common factor of y and 14?
2
Suppose 5*c - 4 = 11. What is the highest common divisor of c and 1?
1
Let j be -1 + -1 + 4 + 0. Suppose 0 = j*l + 2*l - 8. Let n(q) = 2*q - 3. Let v be n(l). What is the highest common factor of v and 1?
1
Let k be (-50)/(-8) + 1/(-4). Let o be k*(-2 - -3)/3. What is the greatest common factor of 20 and o?
2
Suppose -196 = k - 5*k. Suppose -60 = -r - 4*w, 4*w + 35 = 2*r - k. What is the greatest common factor of 32 and r?
16
Suppose -4*l - l + 60 = 0. Calculate the greatest common divisor of 8 and l.
4
Suppose -20*h + 408 = -14*h. What is the highest common factor of h and 17?
17
Let v(g) = 16*g**2 - 25*g - 25. Let h(o) = 3*o**2 - 5*o - 5. Let z(q) = 11*h(q) - 2*v(q). Let t be z(7). Calculate the highest common divisor of t and 90.
9
Suppose -d = 3*d. Suppose d*u = 3*u - 111. Let j = u + 18. What is the greatest common divisor of 11 and j?
11
Let v = -11 + 24. Let f(j) = -j**3 + 14*j**2 - 13*j + 12. Let w be f(v). Let l be ((-3)/2)/((-2)/4). What is the highest common divisor of w and l?
3
Let z(y) = 4*y + 1. Let p(d) = d - 2. Let c be p(7). Let t be z(c). Let k = 11 + t. What is the greatest common divisor of k and 4?
4
Suppose 40*m + 279 = 43*m. Let l = 116 - 54. Calculate the greatest common divisor of l and m.
31
Let k be 24/15 - 2/(-5). Let r(w) = -5*w + 3*w + 5*w**k + w - 2. Let l be r(2). Calculate the highest common factor of l and 128.
16
Let f be (-4 - 1) + 1 + -1. Let d be 6/(-30) - 21/f. Suppose -d*c + 27 = -41. Calculate the greatest common factor of c and 34.
17
Let z(b) = -14*b**3 - b**2 + b + 1. Let t be z(-1). Let c = -20 + 59. What is the highest common divisor of t and c?
13
Suppose 296 = 4*f - 4*m, -5*f + 4*m = -0*m - 367. Let a = f + -35. Suppose t + 0 - 12 = 0. What is the greatest common factor of t and a?
12
Suppose -24 = 15*z - 114. What is the highest common factor of z and 42?
6
Suppose 7 = -5*t - 2*l + 27, 4*l = 0. Suppose -3 = 3*d - 18. Suppose a = -t, -4*a = -d*b + 1 + 30. Calculate the greatest common divisor of 6 and b.
3
Suppose -5*c + 144 = -81. Suppose 0 = i + 4*i - c. Calculate the highest common divisor of i and 36.
9
Let f be (-921)/(-6) - 2/(-4). Let p = -5 - -37. Let z = -18 + p. What is the highest common divisor of f and z?
14
Suppose 2 + 24 = 4*y - 3*p, -2*y - 5*p + 26 = 0. Let v(n) = -10*n + 68. Let z be v(-2). What is the greatest common divisor of y and z?
8
Let o(v) = v**3 - 6*v**2 + 5*v + 6. Let y be o(5). Suppose -15 = 3*p, -2*g + 113 = -g - 5*p. Let h = g - 40. Calculate the highest common factor of h and y.
6
Suppose k = -17 + 127. Suppose -4*w = -2*i + 520, -w - 2 = -2*w. Let n be 4/18 + i/27. Calculate the highest common divisor of n and k.
10
Let l(i) = 8*i**2 + i - 4. Let f be l(4). Suppose y + f = 3*y. Suppose -y = 4*u - 344. What is the highest common divisor of 28 and u?
14
Suppose -16*m = -13*m - 96. Suppose 3*x + 0*x = 9. Suppose 0 = x*q - 140 + m. Calculate the greatest common divisor of q and 9.
9
Let j(i) = i**3 + 8*i**2 - 7*i + 25. Let a be j(-9). What is the highest common divisor of 1 and a?
1
Let o be (-6)/(-8) + (-13755)/(-140). What is the greatest common divisor of o and 11?
11
Suppose 28 = 6*x - 164. Calculate the greatest common divisor of x and 24.
8
Let p(n) = 11*n**3 + n**2 - 1. Let v be p(1). Let y = v + -8. Suppose -18*b = -13*b - 135. What is the greatest common divisor of b and y?
3
Suppose 3*l + 3*l = 510. What is the highest common divisor of 17 and l?
17
Suppose -15 = 4*z - 115. Let y be -2*(-96 - 0 - (-2 - -6)). What is the greatest common divisor of z and y?
25
Let b be 1430/104 + ((-2)/(-8) - 1). What is the highest common divisor of 143 and b?
13
Let u(k) = -k + 1. Let d be u(-3). Let r = 3 + d. What is the highest common factor of 14 and r?
7
Suppose 54*m - 52*m - 62 = 0. Calculate the greatest common factor of m and 31.
31
Let c = -16 + 40. Let b(g) = 9*g**2 - 3*g - 18. Let f be b(5). Calculate the highest common factor of f and c.
24
Suppose 4*i = -3*g + 6, g = -0*i - 2*i. Let c(l) = 5*l + 12. Let h be c(6). What is the greatest common factor of h and g?
6
Let g(c) = -c - 4. Suppose 2*d + 11 + 5 = 0. Let b be g(d). Calculate the greatest common divisor of b and 6.
2
Let n = 2 + -2. Suppose n = 5*c - 5 - 5. What is the highest common factor of 3 and c?
1
Suppose 0*c - 6 = 3*c. Let b be (-1)/(c/96*2). Calculate the greatest common divisor of b and 6.
6
Suppose o - 5*o - 1000 = 0. Let f = 354 + o. Calculate the highest common factor of f and 26.
26
Let u be (-10)/(-25) - 33/(-5). What is the highest common divisor of 28 and u?
7
Suppose p - j = -p + 126, 2*j - 63 = -p. Calculate the greatest common divisor of p and 9.
9
Let d(g) = 5*g - 66. Let f be d(15). Let o(w) = w**3 - w**2 + w + 99. Let r = 1 + -1. Let q be o(r). Calculate the greatest common divisor of f and q.
9
Let l be (76/(-3))/(2/(-3)). Suppose 3*v + 5 = l. Calculate the greatest common divisor of v and 88.
11
Suppose -10 = -2*w + 12. Suppose 3*t - 127 - 170 = 0. Calculate the greatest common divisor of w and t.
11
Let g = -79 - -127. Let d be (-28)/8*g/(-1). Calculate the greatest common divisor of 24 and d.
24
Let i be ((-18)/15)/(6/(-100)). Calculate the greatest common factor of i and 160.
20
Let x(m) = m + 1. Let s be x(-1). Suppose -4*v - 2 + 26 = s. Let b(z) = -7*z + 2. Let o be b(-4). What is the highest common factor of o and v?
6
Suppose 5*l - 332 = 28. Suppose 6*d = -0*d + l. Calculate the greatest common factor of 24 and d.
12
Suppose 5*h = -s + 26, 3*s = 3*h + 4 - 34. Suppose 2*f - h = -0*f. Let d = -28 - -52. What is the highest common divisor of f and d?
3
Let v be 3/(-1 - (-17)/14). Let w = v + 66. What is the highest common divisor of 32 and w?
16
Let a = -125 - -190. Suppose 31 = 3*z - 8. Calculate the greatest common divisor of z and a.
13
Let a be -1 - 9*(-2)/3. Suppose 26 = 2*m + j, -7*m + 3*m - a*j + 64 = 0. Calculate the greatest common divisor of m and 99.
11
Let h(v) = v**2 - 2*v - 8. Let z be 3/3 + 14/2. Let k